 Calculate g(a).
-8
Let i(y) = 3*y**3 + 12*y**2 - 4*y - 19. Let o(p) = -2*p**3 - 8*p**2 + 3*p + 13. Let s(b) = -5*i(b) - 7*o(b). What is s(-4)?
8
Let a(t) = 2*t**3 + t**2 + t - 1. Let k be 1*-3*((-84)/(-18) - 5). Calculate a(k).
3
Suppose 0 = -0*w - w. Suppose -2*d = v - d - 9, 2*v - 3*d + 2 = w. Let z(p) = -p + 2. Let g(m) = m - 1. Let s(t) = -2*g(t) + z(t). Determine s(v).
-11
Let l(w) = -4*w**3 - 5*w**2 - 5*w + 4. Let i(f) = 5*f**3 + 5*f**2 + 6*f - 5. Let s(t) = -3*i(t) - 4*l(t). What is s(-4)?
7
Let t(j) = -29*j**3 - 5*j**2 + 6*j - 5. Let a(f) = -6*f**3 - f**2 + f - 1. Let n(u) = 11*a(u) - 2*t(u). Suppose -2 = -h - 3. Give n(h).
7
Let k(b) = -b**2 + 31*b - 171. Let p be k(24). Let r(u) = -8*u - 25. Calculate r(p).
-1
Suppose 0 = -12*i + 46 + 14. Let y(k) = k**3 - 6*k**2 + 8*k - 7. Calculate y(i).
8
Let s(i) = 2*i - 16237 - i + 16223. Let v be (-1 + 3/2)*12. Give s(v).
-8
Suppose -5*s + 20 = -3*s. Suppose -s*f = -13*f. Suppose 12 = -f*y + 2*y. Let n(t) = -t + 2. What is n(y)?
-4
Let m be -3 + -4 + -1 + 2. Let r(d) = -3*d - 4*d**2 - 1 + 5*d**2 + 8*d + d. What is r(m)?
-1
Let c(m) be the second derivative of 5*m**4/3 - m**3/6 + m**2/2 - 160*m. What is c(1)?
20
Let o(a) = -119*a - 122*a - 13 + 234*a. Let d(q) = 6*q + 13. Let h(r) = -6*d(r) - 5*o(r). Calculate h(-7).
-6
Let d(q) = -3*q + 19. Suppose 3*v = -2*w + 6*w + 19, 2*v - 3*w = 13. Calculate d(v).
4
Let s(k) = -17*k - 17*k - 16*k - 5 + 64*k - 15*k. Determine s(5).
-10
Suppose -42 = -2*s + 5*i - 4*i, 0 = -i - 4. Let m = -17 + s. Let v(a) = -a**3 + 5 - a**2 + 2*a**m - 2*a**2. Give v(0).
5
Suppose 5*c - 22 = -9*p + 11*p, 0 = -4*c + 4*p + 20. Let i(o) = o**3 - 3*o**2 - 2*o + 4. Give i(c).
12
Suppose -68 = p - 77. Let n = -4 + 13. Let g(v) = -p + v - 1 + n. What is g(0)?
-1
Let l be -12 - ((-296)/16 + 4). Let h(m) be the second derivative of l*m**2 - 1/6*m**3 + 0 - 8*m. Give h(0).
5
Let c = -722 + 722. Let q(u) = u**2 - u - 24. Calculate q(c).
-24
Let t(d) = -2*d**3 - 6*d**2 - 11*d - 1. Let h(f) = -3*f**3 - 12*f**2 - 21*f - 1. Let o = -54 - -51. Let u(j) = o*h(j) + 5*t(j). Calculate u(7).
5
Let m(g) be the first derivative of g**4/4 - 11*g**3/3 + 9*g**2/2 + 7*g + 1. Suppose 19 = v + 9. Calculate m(v).
-3
Let p(s) = 14*s**2 - 1. Let b(f) be the second derivative of -1/2*f**4 - 4*f + 0*f**3 - 1/2*f**2 + 1/20*f**5 + 0. Let r be b(6). What is p(r)?
13
Let b(u) = u**3 + 5*u**2 - 8*u - 3. Let k(s) = -2*s + 1. Let q be k(6). Let y be 1/(-1) - q/1. Suppose -2*p = -p + 4*w + y, 9 = -2*p + 3*w. Calculate b(p).
9
Let h = -1075 - -1069. Let f(o) be the first derivative of o**4/4 + 7*o**3/3 + 5*o**2/2 + 5*o - 1. What is f(h)?
11
Let x(s) = 2*s**3 - 3*s**2 + 6*s + 3. Suppose 30 = -4*n - 6*n. Let w(d) = -3*d**3 + 2*d**2 - 6*d - 3. Let j(y) = n*w(y) - 4*x(y). Give j(-7).
-10
Let q(t) = 2*t + 15. Let u be 25/5*(5 + -7). Determine q(u).
-5
Let g(w) be the second derivative of -w**3/6 - 7*w**2/2 + 2625*w. Let r(p) = p - 5. Let a be r(5). Give g(a).
-7
Suppose 0 = x + 4 + 3. Let v(y) = 3*y + 17. Calculate v(x).
-4
Let z = 8 + -56. Let k = z - -50. Let i(v) = -3*v + 2. Give i(k).
-4
Let i(v) be the third derivative of v**5/30 + v**3/3 - 63*v**2. What is i(-2)?
10
Let n(m) = -3*m**2 - 16*m + 3. Let k(u) = -u**2 + 1. Let r(v) = 2*k(v) + n(v). Determine r(-4).
-11
Suppose 0 = 4*b + o - 5*o - 28, 4*b = o + 25. Let a(i) = i**2 - 7*i + 4. Determine a(b).
-2
Let z = -13 - -17. Let l(p) be the second derivative of 1/20*p**5 - 3*p + 2*p**2 - 2/3*p**3 + 0 - 1/4*p**4. What is l(z)?
4
Let k(g) be the second derivative of -g**5/20 + g**4/2 - 2*g**3/3 + 3*g + 3. Suppose -33 = 4*j - 225. Let b be 2/(-6) - j/(-9). What is k(b)?
5
Let m(t) = t**2 - 28*t + 81. Let r be m(25). Let g(i) = 6*i - 33. Calculate g(r).
3
Let s(n) = -n**3 + 4*n**2 + n - 1. Let v be (-8)/(-6)*18/2. Let m = -1754 - -1758. Suppose -5*j + m*q + 19 = -13, 4*q + v = 0. Give s(j).
3
Let n(c) = 3*c + 3. Let f be n(-2). Let p(g) = g + 1. Let k(d) = d**2 - 1. Let o(b) = -2*k(b) - 3*p(b). Calculate o(f).
-10
Let l(v) = -3*v - 2*v + 26 + 3*v + 4 - 2*v. Give l(9).
-6
Let t(y) be the second derivative of -y**5/20 + y**4 + y**3/6 - 4*y**2 + 147*y. Calculate t(12).
4
Let k(v) = 7*v**2 - 3*v - 6. Let j(d) = -4*d**2 + d + 3. Let s(h) = 4*h**2 + h. Let l be s(1). Let f(u) = l*j(u) + 3*k(u). Determine f(4).
-3
Let n(t) = -1. Let h(w) be the third derivative of -5*w**4/24 - w**3/2 + 12*w**2. Let j(v) = -h(v) + 3*n(v). Determine j(-3).
-15
Let y(z) be the first derivative of 7*z**2/2 + z - 38. Suppose 0*r = -3*r - 6. Let w(h) = 3*h + 1. Let o(a) = r*y(a) + 5*w(a). Give o(-5).
-2
Suppose 7*y + 7 = 21. Let d(q) = -q**3 - 5*q - 3*q**2 + 11*q + y - 3*q**2 + q. Give d(-7).
2
Let c(p) = p**3 - 2*p**2 - 2*p - 3. Suppose -17*o + 780 = 270. Let n = -27 + o. Calculate c(n).
0
Let g(u) = -24*u**2 - 2*u - 1. Let q(w) = 49*w**2 + 5*w + 3. Let s(d) = 5*g(d) + 2*q(d). What is s(-1)?
-21
Let g = -10801 + 10794. Let s(l) be the second derivative of -l**5/20 - l**4/2 + l**3 - 5*l**2/2 + l. Determine s(g).
2
Let d(s) be the first derivative of -3*s**2/2 + 11*s + 67. What is d(5)?
-4
Suppose 3*t = 7 - 1. Let a(w) = -16. Let u(h) = -h + 21. Let v(p) = -4*a(p) - 3*u(p). Calculate v(t).
7
Let g(v) be the first derivative of -v**3/3 + 2*v - 261. Let i(s) = -s**3 - s**2. Let r be i(-1). Calculate g(r).
2
Suppose 2*q + u + u = -2, -3*q - 5*u = 11. Let s(i) = -2 + 0*i**3 + i**3 - i - 9*i**2 + 8*i**2. Give s(q).
13
Let n(x) be the first derivative of -1/2*x**2 + 1 + 3*x. Suppose 0 = 191*r - 196*r. Determine n(r).
3
Let c(o) = 12110 - 24019 + 11999 + 8*o. Calculate c(-11).
2
Let f be (-25)/7 - 24/56. Let u(t) = t**2 + 3*t - 2. What is u(f)?
2
Let a(q) be the second derivative of -q**3/6 - 2*q**2 + 5*q. Give a(4).
-8
Let i be 6/1 + (12 - 11). Let p(m) = 2*m - i + 14 - 9 - m**2 - 9*m. Give p(-7).
-2
Let y(t) be the second derivative of t**5/20 - 5*t**4/12 - 5*t**3/6 - 5*t**2/2 + 54*t. Let o be 4/(-6 + 2)*-6. Calculate y(o).
1
Let d(o) be the second derivative of 0 + 0*o**2 + 13*o - 1/2*o**3. Let m = 1 + -3. Determine d(m).
6
Let v(m) = -m**2 + 3*m + 2. Let p(f) = -5*f + 10 + 5*f + 6*f + f**2. Let a be p(-4). Suppose 3*q = 4*o - 0*q + 17, o = a*q - 8. Determine v(o).
-8
Let r = -167 + 158. Let l(q) = -q**3 + q**2 + q + 1. Let i(t) = -2*t**3 + 12*t**2 + 5*t + 1. Let w(a) = i(a) - 3*l(a). Calculate w(r).
-20
Let l be (-5)/(-5) + 2 - 25. Let v = l + 17. Let o(x) = x**3 + 4*x**2 - 3*x + 3. Determine o(v).
-7
Let f be 2/(-5) - (-18)/(-5). Let v = f - -3. Let x(n) = n**3 - 2*n**2 - n + 1. Let z(u) = 2*u**3 - 3*u**2 - u + 2. Let b(m) = -3*x(m) + 2*z(m). Give b(v).
-1
Let u = 10 - 14. Let y(t) = 6*t**3 - 1 + t**2 + 4*t**2 + 2*t + t**2 - 3*t**3. Let p(h) = 4*h**3 + 7*h**2 + 2*h - 1. Let q(k) = 2*p(k) - 3*y(k). What is q(u)?
9
Let n(b) = -2*b - 14. Suppose -23*k + 16*k = 0. Determine n(k).
-14
Let k = -20 + 32. Suppose k = -2*v + 5*v. Let j(b) be the third derivative of b**4/24 + 50*b**2 - 31*b. Give j(v).
4
Let o = 5 - -2. Suppose 2*c = -f + 2, -4*c + 7*c + 4*f = -o. Suppose 5*x - c = -u - 25, -29 = 5*u - 2*x. Let k(m) = -m**3 - 7*m**2 - 2. Calculate k(u).
-2
Suppose -3*m = 5 + 1. Let i be 3*15/18*m. Let t = i - 1. Let l(s) = s**2 + 5*s + 1. Calculate l(t).
7
Let f(i) = -9*i + 15*i**3 + 9*i**2 - 16*i**3 - 12 + 16. Determine f(8).
-4
Let z be (-2 - 0) + (3 - -2) - 14. Let f(r) = -2*r - 10. Give f(z).
12
Suppose -45 = -5*x + 5*h, -8*x + 6*x = -h - 13. Let d(n) = -3*n**2 + 10*n. Calculate d(x).
-8
Let h = 519 - 514. Let l(f) = -f**3 + 4*f**2 + 6*f - 1. Determine l(h).
4
Let y(p) = -2*p + 5. Let h(l) = 2*l - 42. Let m be h(24). Calculate y(m).
-7
Let j(s) be the second derivative of s**4/4 + s**3/6 + s**2 - 11*s. Let y(a) = -a + 30. Let h be y(0). Suppose p = q + 4*q + 23, 5*p + 4*q = -h. Calculate j(p).
12
Let d(t) be the third derivative of t**6/120 - 7*t**5/30 - 7*t**4/12 - 303*t**2. Determine d(15).
15
Let t(d) be the third derivative of d**6/60 + d**5/20 - d**4/24 - d**3/3 - 18*d**2. Let s be t(-2). Let x(n) = -n**2 - n - 1. Give x(s).
-13
Let g(o) be the third derivative of o**4/24 + 2*o**3 + 22*o**2. Let k(b) = 1. Let x(z) = -g(z) + 3*k(z). Calculate x(-7).
-2
Let q be 20/(-12) + 2/(-6). Let w(m) = -3*m - 7. Let l(z) = -6 - 18 - 10*z + 2. Let j(f) = 5*l(f) - 16*w(f). Determine j(q).
6
Let d(u) = 0*u**2 + 7 + 5